composite number?
True
Is 10615747 composite?
True
Is 676583123 a prime number?
True
Is 16389337 a prime number?
True
Is 85002877 prime?
True
Is 6478051 a composite number?
True
Is 2815311 prime?
False
Is 27030337 composite?
True
Is 8909941 composite?
False
Is 18511727 prime?
False
Is 2410517 composite?
False
Is 6645131 composite?
False
Is 127800247 prime?
True
Is 1988753 a prime number?
False
Is 11648843 composite?
True
Is 15453377 a composite number?
False
Is 1579213 a prime number?
False
Is 8293141 a composite number?
False
Is 599203079 a prime number?
True
Is 536413511 prime?
False
Is 371577597 composite?
True
Is 33892799 composite?
False
Is 11144465 a composite number?
True
Is 162343849 prime?
True
Is 22873817 a composite number?
False
Is 1996381 prime?
True
Is 156643427 composite?
False
Is 750401 a prime number?
True
Is 29605057 a prime number?
True
Is 190014491 a prime number?
False
Is 2587631 a prime number?
False
Is 74199 prime?
False
Is 293311 composite?
False
Is 128477087 composite?
False
Is 212662559 composite?
False
Is 13834231 a prime number?
True
Is 12411209 a prime number?
True
Is 27297973 prime?
True
Is 3949019 a prime number?
False
Is 342979111 prime?
True
Is 24723319 prime?
False
Is 350505557 composite?
False
Is 752233 a prime number?
False
Is 9100045 a prime number?
False
Is 136335161 a composite number?
False
Is 7838949 a prime number?
False
Is 813977165 a composite number?
True
Is 12418097 a prime number?
True
Is 31800437 prime?
True
Is 6058763 a prime number?
True
Is 54073177 a composite number?
False
Is 6290047 prime?
True
Is 67439509 composite?
False
Is 1856932499 composite?
False
Is 60065087 prime?
True
Is 1560511 a composite number?
False
Is 43610849 a composite number?
False
Is 519083 prime?
True
Is 16105317 prime?
False
Is 6199931 composite?
True
Is 275002127 prime?
False
Is 33947987 prime?
True
Is 12692651 composite?
True
Is 1071624653 a prime number?
False
Is 27652987 prime?
True
Is 48356083 prime?
False
Is 31259131 prime?
True
Is 2048467 a prime number?
True
Is 1296869 a prime number?
False
Is 12137441 composite?
False
Is 42314309 composite?
True
Is 216089 prime?
False
Is 2870353 composite?
False
Is 572317 composite?
True
Is 22635086 a prime number?
False
Is 6688457 prime?
True
Is 1514176549 prime?
False
Is 8399519 prime?
True
Is 121080917 a prime number?
True
Is 73627423 composite?
True
Is 15603019 a composite number?
True
Is 197489 composite?
True
Is 43713719 a composite number?
True
Is 3532627 composite?
True
Is 23274399 prime?
False
Is 63027361 a prime number?
True
Is 10116521 composite?
True
Is 10927349 a prime number?
True
Is 1530281 a composite number?
False
Is 50214001 composite?
True
Is 4488229 composite?
True
Is 7569949 a composite number?
True
Is 17419999 a prime number?
True
Is 8579633 a composite number?
False
Is 143046341 prime?
True
Is 7776127 composite?
False
Is 49463753 composite?
True
Is 13608311 composite?
False
Is 15814257 a prime number?
False
Is 2146559 prime?
False
Is 92842171 a composite number?
False
Is 93013269 prime?
False
Is 10249321 prime?
False
Is 4628389 a prime number?
True
Is 593207 composite?
False
Is 2517797 composite?
False
Is 5925355 a composite number?
True
Is 266639 a prime number?
False
Is 869682779 a composite number?
True
Is 261969 a prime number?
False
Is 9993047 a prime number?
True
Is 31060699 composite?
False
Is 342502 a composite number?
True
Is 24047407 a prime number?
False
Is 43406827 composite?
True
Is 26202743 a prime number?
False
Is 8068859 a composite number?
True
Is 8447063 a composite number?
True
Is 4981719 a composite number?
True
Is 98090873 a prime number?
True
Is 660015717 a prime number?
False
Is 1677331 composite?
True
Is 49858187 composite?
False
Is 1343753 prime?
False
Is 14954599 prime?
False
Is 29902889 a composite number?
False
Is 2622979 a composite number?
True
Is 10576501 composite?
True
Is 157349 a prime number?
True
Is 2382169 prime?
True
Is 4340327 a composite number?
True
Is 209701241 a composite number?
False
Is 21438763 composite?
True
Is 3645562 a prime number?
False
Is 45063599 a prime number?
False
Is 2528971 composite?
True
Is 2694719 a prime number?
True
Is 992087 prime?
True
Is 114593 a prime number?
True
Is 591768841 composite?
False
Is 298834 composite?
True
Is 4367329 composite?
False
Is 388207537 a prime number?
True
Is 5732219 a composite number?
False
Is 1488257 a prime number?
False
Is 4101919 prime?
True
Is 2754923 composite?
False
Is 954227 a prime number?
False
Is 53299067 a prime number?
True
Is 44233565 composite?
True
Is 7834667 a composite number?
True
Is 7697699 prime?
False
Is 6035573 prime?
True
Is 333397 a prime number?
True
Is 176942423 composite?
True
Is 95550629 composite?
False
Is 10249033 a prime number?
True
Is 760574 a composite number?
True
Is 236491 prime?
False
Is 6563099 prime?
False
Is 493546789 prime?
False
Is 13663021 a prime number?
False
Is 1023013133 prime?
False
Is 118555546 composite?
True
Is 1298977 a prime number?
False
Is 1351087779 prime?
False
Is 1775643 a composite number?
True
Is 10310969 a prime number?
False
Is 1420483 composite?
False
Is 4266001 a composite number?
True
Is 4177673 a prime number?
True
Is 35635277 prime?
True
Is 748541 prime?
True
Is 17957023 composite?
True
Is 14683061 a prime number?
True
Is 6200437 prime?
False
Is 1868645199 composite?
True
Is 7879679 prime?
True
Is 11194889 a prime number?
True
Is 68268113 composite?
False
Is 1832431 composite?
True
Is 3652769 a prime number?
False
Is 3615947 a composite number?
True
Is 2019383 composite?
True
Is 60175481 a prime number?
False
Is 366796643 composite?
True
Is 20988503 composite?
True
Is 9626161 prime?
True
Is 5386159 a prime number?
False
Is 40408027 a prime number?
False
Is 63089017 prime?
False
Is 3896661 a prime number?
False
Is 8196403 a prime number?
False
Is 29596183 prime?
True
Is 35438969 a composite number?
True
Is 5543387 prime?
True
Is 125774709 a prime number?
False
Is 2490457 prime?
False
Is 37493017 prime?
False
Is 22502609 composite?
False
Is 12100049 composite?
True
Is 6564707 a composite number?
False
Is 92220351 composite?
True
Is 36690841 a prime number?
False
Is 3446939 a composite number?
False
Is 586087 composite?
False
Is 70029997 prime?
True
Is 4469887 composite?
True
Is 216261037 a composite number?
False
Is 131687 a composite number?
False
Is 22385497 a prime number?
True
Is 127976893 prime?
False
Is 4418959 a composite number?
True
Is 1668343 prime?
False
Is 1679417 a prime number?
True
Is 2385743 a prime number?
False
Is 2373773 prime?
True
Is 1047355 a composite number?
True
Is 151783 a prime number?
True
Is 31076642 a composite number?
True
Is 2622559 prime?
True
Is 1794769 a composite number?
False
Is 4299179 prime?
True
Is 70396181 prime?
True
Is 71972738 a composite number?
True
Is 540989 a prime number?
True
Is 20202251 a prime number?
True
Is 1852373 composite?
False
Is 20013709 composite?
True
Is 2809567 prime?
True
Is 2904581 prime?
False
Is 14353205 a composite number?
True
Is 120016759 composite?
False
Is 67890659 composite?
True
Is 1085839 a composite number?
True
Is 150537913 prime?
False
Is 13149809 prime?
True
Is 161280271 composite?
True
Is 1059719 a composite number?
True
Is 5950709 a prime number?
True
Is 591541 prime?
False
Is 13990673 composite?
True
Is 321437 a prime number?
False
Is 135522809 a prime number?
True
Is 27183211 prime?
False
Is 8416561 prime?
True
Is 385738009 a prime number?
True
Is 3128039 a prime number?
True
Is 94043957 composite?
True
Is 2082019 prime?
True
Is 641435 prime?
False
Is 4261381 composite?
False
Is 4387741 prime?
True
Is 2293153 composite?
True
Is 6124649 composite?
False
Is 964787 a composite number?
False
Is 444948991 a prime number?
False
Is 3714461 a composite number?
False
Is 21352549 a prime number?
True
Is 26532349 a prime number?
True
Is 528035 a prime number?
False
Is 1516373 prime?
False
Is 61748507 prime?
True
Is 32705389 a prime number?
False
Is 137724281 a composite number?
False
Is 5071285 composite?
True
Is 3270049 composite?
False
Is 1265681 a composite number?
False
Is 207227 prime?
True
Is 156632549 composite?
True
Is 73463249 a composite number?
False
Is 114782141 a composite number?
False
Is 168412669 a prime nu